5*a + 4*r + 23 = 0, a - 31 = -5*r - 9. Suppose -5*o = -17 - 8, -2*o + a = -z. Suppose -2*j = -j + z. Let m(k) = k**3 + 4*k**2 + 4*k. Determine m(j).
-3
Let y(z) = -z - 12. Let a be -12*((-9)/(-6) + -3 - -2). What is y(a)?
-6
Let v(w) = 4*w + 2. Let n(o) = -3*o - 3. Let t be (4/(-12))/((-1)/9). Let i(g) = t*n(g) + 4*v(g). Let k be 4 + 5/((-10)/6). What is i(k)?
6
Let q(y) = -y**3 - 3*y**2 + 3*y - 1. Let r = -2 + 1. Let z(a) = 5*a + 1. Let h be z(r). Let s be q(h). Let m(t) = t**3 - 2*t**2 - 3*t - 3. Give m(s).
-3
Let m(s) be the first derivative of 1 - 4*s + 1/2*s**2. Suppose -2*j - 15 = 5*c, -4*j + 30 = -3*c + c. Calculate m(j).
1
Let d be (2 - 7) + -1 + 1. Let b be 18/8*32/12. Let f(x) = 2*x - x**2 + 0 - 4*x - b - 5*x. Give f(d).
4
Let f(c) be the third derivative of c**4/12 - c**3/6 + c**2. Let s be 3/2 + 7/14. Let g(l) = l**3 - l**2 - 3*l + 3. Let x be g(s). What is f(x)?
1
Let v(r) = -r**2 - 2*r - 5. Let y(n) = n**2 + 2*n + 4. Let f(j) = -3*v(j) - 4*y(j). Let t(c) = -3*c**2 - 5*c - 3. Let l(h) = -7*f(h) + 3*t(h). What is l(-2)?
-8
Let d(j) = 6*j**3 + 7*j**2 + 8*j + 2. Let s(n) = n**3. Let o(l) = d(l) - 5*s(l). Give o(-6).
-10
Let k(a) = 6*a**3 - 3*a**2 - 9*a + 1. Let f(b) = -b**3 + b. Let x(g) = -5*f(g) - k(g). Determine x(4).
-1
Let v(y) = y + 5. Suppose 0 = -3*b + 6*b + 36. Give v(b).
-7
Let r(o) = o**3 - o**2 + 5. Let b = 0 + -2. Let i = 2 + b. Determine r(i).
5
Let x(q) = q. Let s(w) = -w**2 - 5*w + 6. Let l(c) = -s(c) + 3*x(c). Calculate l(-7).
-13
Let r(u) = u + 7. Let i(l) = -l + 3. Let a be i(8). Determine r(a).
2
Let f(t) be the third derivative of -t**4/12 + 5*t**3/6 + 11*t**2. Determine f(4).
-3
Let k(i) = -5*i**2 + 5 - i**2 - 5*i + 5*i**2. Calculate k(-6).
-1
Let o(m) be the third derivative of m**4/6 + m**3/6 - 19*m**2. Determine o(-2).
-7
Let i(l) be the third derivative of -5*l**4/24 + l**3/2 + 247*l**2. Let a(p) = p - 1. Let j be a(4). Calculate i(j).
-12
Let y(w) = 2*w - 4 + 7 + 7*w**2 - 4 - 3*w. What is y(-2)?
29
Let m(o) = -13*o**2 - 6 - o**3 - 8*o + o + 7*o**2. Let h be (-9)/(-3) - (-2 + -16). Suppose -3*v + 3*k + 1 + 2 = 0, -4*v - h = k. Determine m(v).
-10
Let n(d) = 3*d**3 + 17*d**2 - 13*d - 1. Let t(v) = -4*v**3 - 25*v**2 + 19*v + 1. Let u(w) = 7*n(w) + 5*t(w). What is u(5)?
-7
Let j(s) = 2*s. Let u(k) = 4*k - 1. Let b(r) = -r**3 - r**2 + 4*r - 3. Let x be b(2). Let d(v) = x*j(v) + 4*u(v). What is d(3)?
2
Suppose u + 1 = 4. Let o(r) = -4*r + 2. Give o(u).
-10
Let s(m) = m**2 + m - 1. Let g(d) = -3*d. Let j be g(-1). Let u(x) = -5*x**2 - 3*x - 2 + 3*x**2 + 6. Let b(q) = j*s(q) + u(q). What is b(2)?
5
Let x(c) = -3 + 2 + 0 + 2*c + 0*c**2 + c**2. Let t(z) = z**3 - 3*z**2 - 5*z + 6. Let a be (-26)/(-6) - (-1)/(-3). Let b be t(a). Give x(b).
7
Let k(i) be the first derivative of -7/3*i**3 - 2 + i**2 + i. What is k(-1)?
-8
Let f = 2 + 3. Let m(t) = 11*t - 2*t**2 - 8*t - f*t. Calculate m(2).
-12
Let f(w) = w**3 + 5*w**2 + 5*w - 1. Let d be f(-4). Let x(v) be the first derivative of v**3/3 + 3*v**2/2 - 2*v + 1. Calculate x(d).
8
Let m(z) be the second derivative of 0 + 1/6*z**3 - z - 13/2*z**2. Calculate m(7).
-6
Suppose n + 54 = -5*q, -4 = 2*q - 0*q - 4*n. Let u be (6/q)/(1/5). Let s(v) = v**3 + 2*v**2 + v + 2. Give s(u).
-10
Let z be 0 + 1 + 2 - -1. Let b(g) = -2 - 5 + 2*g + z. Determine b(-5).
-13
Let i(m) = -m**2 - 9*m - 24. Let p be i(-6). Let d(l) = -3*l**2 - 5*l + 2*l**2 - 1 + 0*l**2. Calculate d(p).
-7
Let p be 8/(-24) + -1 + (-5)/3. Let o(t) = -t**2 - 3*t - 2*t - 2*t**2 - 2*t**3 - 3 + t**3. What is o(p)?
12
Let n(v) = -v**2 - 6*v + 6. Suppose -4*w + 30 = -10. Let b be (12/w)/(8/(-40)). Determine n(b).
6
Suppose -36 = -3*t - 54. Let h(r) = -r. Give h(t).
6
Suppose -3*c + 6 = 3*p, -3*p + 4*p - 14 = -4*c. Let s(r) = -11*r + 2. Give s(p).
24
Suppose 5*s = 4*f + 10, s = -0*s + 4*f + 2. Let r be (0 + -2)*(-1)/s. Let g(b) = 8*b. Calculate g(r).
8
Let h(f) = -123*f + 38*f + 46*f + 41*f - f**2. What is h(-3)?
-15
Let n(b) be the first derivative of -1/4*b**4 + 7*b + 2*b**3 - 3*b**2 - 2. What is n(5)?
2
Suppose -3*m + 10 = 1. Suppose 3*b + 11 = -2*r, -3*r - m*b - 7 = r. Let k(i) = 4 - 2 + 0*i - i**2 + r*i. What is k(2)?
2
Let g = -34 - -43. Let u(y) = -y**2 + 9*y + 7. What is u(g)?
7
Let h(m) = -5*m**2 + m**3 + 2*m + 2 + 1 + 0. Let t be h(4). Let o(n) = n**3 + 5*n**2 - 2*n - 5. Calculate o(t).
5
Let i(d) = 4*d**2 + d + 2. Let u be ((-8)/(-12))/((-18)/81). Calculate i(u).
35
Let z(f) = -12*f - 3 + 2*f + 7*f + 4*f. Determine z(0).
-3
Let k(u) = -4*u**2 - 69*u - 1 + u**3 - 69*u + 136*u. Suppose -4*q + 18 = 2. Determine k(q).
-9
Let r(z) = z - 4*z**2 + 3*z**2 + 0*z**2 + 1. Let f be (-14)/49 + (-16)/(-7). Let q(p) = -2*p + 2. Let w be q(f). Calculate r(w).
-5
Let n(x) = -x + 1 - x**2 - 4*x + 1. Suppose 0 = r + 4 - 18. Suppose 5*b + r = -11. Give n(b).
2
Let n(c) = 6*c**2 - 9*c - 2. Let b(h) = 6*h**2 - 8*h - 1. Let y(d) = 4*b(d) - 3*n(d). Let w(z) = 11*z**2 - 10*z + 4. Let i(a) = 4*w(a) - 7*y(a). Give i(3).
5
Let c(m) = -m**3 - 9*m**2 + m + 12. Let w be c(-9). Let p(t) be the first derivative of 1 - 1/2*t**2 + w*t. Calculate p(0).
3
Suppose -5*j = -4*w + 5*w - 31, 0 = -4*w + 4. Let g(k) = k**2 - 6*k + 8. Give g(j).
8
Let n(d) = -3*d**2 - 8*d - 8. Suppose 7 = 3*x - 2*x. Let h(i) = -10*i**2 - 25*i - 25. Let b(f) = x*n(f) - 2*h(f). Determine b(-5).
-1
Let g(u) be the third derivative of -u**7/5040 + u**6/240 - u**5/30 + 2*u**2. Let y(i) be the third derivative of g(i). What is y(-3)?
6
Let j(a) = -a + 2. Let q = -10 + 2. Let r(t) = -t**2 - 7*t + 9. Let z be r(q). Let m be z/((-1)/(1 - 2)). Calculate j(m).
1
Let g(f) be the second derivative of -3/2*f**3 + 0 - 1/2*f**2 + 5*f. What is g(-1)?
8
Let f(o) be the third derivative of 0*o**4 - 5/3*o**3 + 0*o - 3*o**2 + 0 - 1/60*o**5. Let v(k) = k**2 + 4*k. Let b be v(-4). What is f(b)?
-10
Suppose 3*b + b = -5*u + 31, -b - 2 = -2*u. Let c(j) = j**2 - u*j**2 + 0*j**3 + 3*j - 3 - 2*j**3 + 3*j**3. Give c(2).
3
Let o(r) = 229 - r - 229. What is o(-7)?
7
Let g = 1 + -3. Let p(b) be the second derivative of -b**4/4 - b**3/3 - b**2/2 - 3*b. What is p(g)?
-9
Let k(t) = -t**3 + 13*t**2 + 4. Let s be k(13). Suppose 0 = -3*o + 10 - 1. Let l(g) = -o*g - 4 + 0*g + 10. What is l(s)?
-6
Let v(l) = -8*l**2 - 2*l - 7. Let j(q) = -9*q**2 - 2*q - 8. Let h(y) = -6*j(y) + 7*v(y). Let s be (-8)/20 - (-17)/5. Suppose 0 = -s*x - x - 8. Determine h(x).
-5
Let a(t) be the third derivative of 0 + 0*t + 3*t**2 - 1/3*t**3 - 1/24*t**4. Determine a(5).
-7
Let u(o) = o**2 - 2*o + 2 + 3*o + 0. Let k = -17 + 16. Let n be k*-4*9/(-12). Give u(n).
8
Let z(k) = k**3 + 4*k**2 + 3*k - 1. Let u(q) = 15*q**2 + 2*q + 1. Let m be u(-1). Suppose m = -5*i - 1. Let v be z(i). Let s(p) = -p**2 - 2*p - 1. What is s(v)?
0
Let a = 14 - 10. Let o(u) = -3*u - 1. Let x(v) = v**2 + 6*v - 3. Let l be x(-6). Let k(q) = -2*q - 1. Let g(d) = a*k(d) + l*o(d). Give g(5).
4
Let i(r) = -r**2 - 6*r - 4. Let v = -3 - -9. Let d = -2 + 2. Let u be 2 + -1 + (d - v). Give i(u).
1
Let v(k) = k**3 + 4*k**2 - k. Let g be v(-2). Suppose 2*h - g = -0. Let z(r) be the second derivative of r**5/20 - 5*r**4/12 - r**3/6 + 3*r**2 - 2*r. Give z(h).
1
Let i(s) = -7*s**3 + 11*s**2 - 21*s + 6. Let y(l) = 11*l**3 - 16*l**2 + 32*l - 9. Let m(x) = 8*i(x) + 5*y(x). Give m(7).
-4
Let h(m) = -4*m - 11. Let f be h(-5). Let t(i) = -8*i + 3*i + 6*i + f. Determine t(-4).
5
Let r(f) = f**3 - f**2 + f. Suppose 2*z = 3*z - 2. Suppose z*x = 3 - 1. Let d be x/(5/2 - 2). Give r(d).
6
Let p(b) = -b**3 + 3*b**2 + 7*b + 2. Let z(w) = w**2 - 1. Let v(x) = p(x) + 2*z(x). Calculate v(6).
6
Let t(u) = -u + 1. Let i(s) = s**2 + s - 2. Let b(v) = i(v) - 3*t(v). Let y(h) = -6*h**2 + h + 1. Let j be y(-1). What is b(j)?
7
Let u(n) = n**3 - 8*n**2 + 7*n + 10. Let f = 209 - 202. Give u(f).
10
Let i be 21/(-14) - (-1)/2. Suppose 0 = -2*d + z + 7 + 6, -3*d + 5*z = -23. Let x(p) = -p - 7. Let a(u) = 2*u + 6. Let s(f) = d*a(f) + 5*x(f). Give s(i).
-6
Let f(l) = -8 + 0 + 8 - l**2 + 6*l + 2. Determine f(6).
2
Suppose -5*n - 132 = -32. Let o be n/((2/(-1))/1). Let l(i) = 5 - 3 - i + 2*i + o. What is l(0)?
12
Let h(n) = -5*n - 3. Let p(s) = -s**2 + 4. Let l be p(0). Suppose l = z - 1. Let b(w) = -10*w - 6. Let a(g) = z*h(g) - 3*b(g). What is a(-2)?
-7
Let t = -8 + 9. Suppose 4*d = -15 - t. Let m(j) = 2*